+ 30. Let x be q(0). What is the greatest common divisor of 945 and x?
15
Let w = 80 + -44. What is the greatest common divisor of 396 and w?
36
Let t(g) = 95*g - 37. Let l be t(5). What is the highest common divisor of l and 12?
6
Let h(v) be the third derivative of v**5/60 + v**4/4 + v**3/6 + 12*v**2. Let j be h(-6). Suppose n = -n + 16. Calculate the greatest common divisor of j and n.
1
Let w = 19 + -15. Suppose -i - w = i. Let j be (14/(-49))/(i/28). What is the greatest common divisor of j and 2?
2
Let g = 27 - -30. Let p = g - -33. Calculate the highest common factor of 36 and p.
18
Suppose 3*m - 5*f = 5*m - 190, -m + 102 = -f. Suppose -5*j + m = -0*t + 5*t, 2*t + 6 = 0. Calculate the greatest common divisor of 46 and j.
23
Let r(t) = 27*t**2 - 2*t + 2. Let g be r(-3). Let s = -143 + g. What is the highest common divisor of 27 and s?
27
Let q = -15 - -18. Suppose 4*t - 31 = -w, -2*t + 2*w + 29 = q*t. Suppose -m + 4 = -t. What is the greatest common divisor of 55 and m?
11
Suppose 0 = -4*v - 3*g - 7, -3*g - g - 30 = -5*v. Suppose 0 = 3*f + v*z - 32, f + z - 12 = 0. What is the greatest common divisor of f and 16?
8
Suppose 9 = 7*o - 110. Calculate the greatest common factor of o and 17.
17
Suppose 4*w - 9*d = -11*d + 26, w = 3*d + 17. Calculate the greatest common divisor of 14 and w.
2
Suppose 3 = 2*s - 6*s + 5*v, -12 = s - 5*v. Suppose -4*y = 2*c - 58, -4*y + s*c + 35 + 28 = 0. What is the greatest common factor of y and 5?
5
Suppose -2*p = -4*z + 3*p + 272, 4*p + 68 = z. Let m(l) = -8*l + 130. Let f be m(12). What is the greatest common factor of f and z?
34
Let y = -99 + 297. Calculate the greatest common factor of y and 36.
18
Let r(m) = m**3 - 24*m**2 + 15*m - 36. Let y be r(24). Suppose -u + y = -0. What is the greatest common divisor of 54 and u?
54
Let x be (-260)/40 - (3/(-2))/3. Let r be (-2)/(x/(-3))*-11. What is the greatest common factor of 11 and r?
11
Let c = -164 - -256. What is the greatest common divisor of c and 23?
23
Let d(g) = 12*g - 123. Let i be d(21). Calculate the highest common divisor of 215 and i.
43
Suppose -26*k = -36*k + 720. What is the greatest common factor of k and 324?
36
Let x be (286/6)/(6/18). Suppose 8*s - 337 = x. Calculate the greatest common divisor of s and 12.
12
Let z(m) = m**3 - 27*m**2 + 25*m + 31. Let w be z(26). Suppose 0 = -w*t + 8*t - 135. What is the greatest common divisor of 495 and t?
45
Let k be (-9)/(63/(-1022)) - 0/(-2). What is the greatest common factor of k and 511?
73
Let q = -212 - -394. What is the greatest common factor of 26 and q?
26
Suppose 0 = a - 1 - 20. Suppose 0 = m - 3*m + 618. Let n = m + a. What is the highest common factor of 30 and n?
30
Suppose 3*d - 429 = 3*q, -2*d - 4*q + 268 = -0*d. Suppose 0 = -3*b - 49*z + 46*z + 81, 2*b + 5*z - 51 = 0. What is the highest common divisor of d and b?
28
Let p be (-6)/((-6)/(-27)*3). Let t be (-24)/p*9/(-6). Let s(f) = -4*f**3 - 5*f**2 - f + 4. Let g be s(t). What is the highest common factor of g and 23?
23
Suppose 4 - 12 = -q. Let d be 2/8 + 14/q. Suppose d*l - 7*l = -10. Calculate the greatest common divisor of 2 and l.
2
Suppose -2*a = -0*a - 16. Let k(u) = u**3 - 6*u**2 + u + 1. Let v be k(5). Let z = 27 + v. What is the highest common divisor of z and a?
8
Let q(o) = o**2 + o + 4. Suppose 4 = -4*a, 0*i - 1 = i - 2*a. Let v be q(i). What is the greatest common divisor of 80 and v?
10
Let u be 2*4/16*16. Let c(a) = a**3 - 7*a**2 + a - 7. Let j be c(u). Calculate the highest common factor of 26 and j.
13
Suppose -28*l + 51*l - 3059 = 0. Let o = -8 + 27. What is the greatest common divisor of l and o?
19
Suppose 8*t + 59 = 331. Let m = t - 33. What is the highest common divisor of 7 and m?
1
Let n(u) = u**2 + u + 1. Let t be n(6). Let g = -156 + 285. What is the highest common factor of g and t?
43
Suppose u = 2*u + 5*f + 36, -f = -4*u - 186. Let t = 75 + u. What is the highest common factor of 319 and t?
29
Let g be (-9)/(-12) - (-187)/44. Suppose d - 6 = -1. What is the highest common divisor of d and g?
5
Suppose 2*q - 72 = -432. Let w = 257 + q. What is the greatest common divisor of w and 11?
11
Let w(x) = -49*x + 55. Let l be w(-5). Calculate the highest common factor of l and 20.
20
Suppose 6*c - 1798 = -25*c. Calculate the highest common divisor of c and 261.
29
Let d be -1 - (-11 - (0 + -1)). Suppose 16 = 4*l - 4*b, -3*l - 1 + 6 = 4*b. What is the highest common factor of d and l?
3
Let f = 701 + -650. Suppose 6*n - n - 5*g - 175 = 0, 107 = 3*n - 5*g. Suppose d = 2*d - n. Calculate the greatest common divisor of d and f.
17
Let n be 41 + -35*(-12)/84. What is the highest common divisor of 1242 and n?
46
Let g be 0 - (-5*(4 + -1) - -4). Let p be (-2 - (-2 + -3)) + g. What is the greatest common divisor of p and 49?
7
Suppose -452 = -3*m - 389. What is the greatest common factor of m and 77?
7
Let r(v) = 65*v - 8. Let z be r(1). Let p = 148 - z. What is the greatest common divisor of p and 13?
13
Let v(w) = w + 5 - 4 + 7. Let l be v(-6). Let g be 7/(84/40)*(-12)/(-5). Calculate the greatest common factor of l and g.
2
Suppose -m + 2*h + 119 = 17, 0 = -4*m + 4*h + 428. Calculate the highest common factor of m and 476.
28
Suppose 30 + 4 = -x. Let i = -11 - x. Suppose y - 4*g = i, 5*y - g + 25 = 102. What is the greatest common divisor of y and 3?
3
Let b be (24/20)/(2*12/1240). What is the greatest common factor of b and 496?
62
Suppose 5*h - 4*s - 50 + 18 = 0, -5*h + 2*s + 26 = 0. Suppose h*i = 24 + 40. Calculate the highest common divisor of i and 2.
2
Suppose z = 3*z - 140. Suppose -2*p = -37 - 19. Calculate the highest common divisor of p and z.
14
Let z(s) = 4*s**3 + s**2 - 3*s - 2. Let n be z(2). Calculate the greatest common divisor of n and 182.
14
Let y(i) = i**2 + 34*i - 168. Let q be y(-39). Calculate the highest common factor of 18 and q.
9
Suppose 0 = -4*s - 15 + 107. Calculate the greatest common divisor of 368 and s.
23
Suppose -72 = 99*g - 102*g. Let a(f) = -f**2 + 2. Let s be a(-4). Let n = g + s. What is the highest common divisor of 20 and n?
10
Let z(x) = -2*x + 40. Let t be z(15). Suppose -t*u + 40 = -8*u. What is the highest common factor of u and 60?
20
Let s(w) = 3*w**2 - 6*w. Let d be s(4). Suppose 6*g - 4*v = g + 1324, 0 = -2*g - 2*v + 526. What is the highest common divisor of d and g?
24
Suppose 3*p - 278 = -3*j - 20, -5*p - j + 422 = 0. Suppose 60 = 5*u - 0*u. What is the highest common divisor of u and p?
12
Let o(f) be the third derivative of f**5/6 + f**4/24 + f**3 + 34*f**2. Let v be o(4). What is the highest common factor of v and 10?
10
Suppose 0 = -x - 4*g + 5, -20 = -4*x - 2*g. Suppose -2*n + 10 = 3*n, -3*h + x*n + 20 = 0. Suppose 2*a + 0*a = 4. Calculate the highest common factor of a and h.
2
Let q be 6/(-8)*(-55 + 3). Calculate the greatest common factor of q and 26.
13
Let o be (-374)/((2 + -3)/(-1)). Let u = -525 - o. Let m = 214 + u. What is the highest common divisor of m and 21?
21
Let h = 94 + -34. Let j = -211 - -223. Calculate the highest common divisor of h and j.
12
Let u be (-560)/21*3/2. Let m = u + 75. Calculate the highest common factor of 7 and m.
7
Let z be ((-104)/6)/(-1*3/45). Suppose -8*s = -3*s - z. Calculate the greatest common factor of 4 and s.
4
Suppose -16*w + 4*a = -14*w - 200, 2*a - 206 = -2*w. What is the highest common factor of 51 and w?
51
Let t = -191 - -590. Suppose -3*i + 4*i - t = 0. What is the greatest common divisor of i and 57?
57
Let c be (-3)/((-18)/4 + 3). Suppose 5*y + 16 = j + 4, c*j - 2*y - 24 = 0. What is the greatest common factor of j and 12?
12
Let j(o) = 3*o**2 - 2*o - 6. Let c = -6 + 9. Let s be j(c). Calculate the highest common divisor of s and 5.
5
Suppose -2*q = 3*d - 242, 4*d - q = 145 + 196. Let o(m) = 4*m - 20. Let y = 11 + -3. Let z be o(y). Calculate the greatest common factor of z and d.
12
Let p = 25 - 28. Let k be ((-35)/(-21))/(p/(-198)). Let s be 10*(1 + -2 + 2). Calculate the greatest common divisor of k and s.
10
Let o = 9 - 25. Let v = o + 23. What is the highest common factor of 35 and v?
7
Let m = -85 - -151. Calculate the greatest common factor of 88 and m.
22
Suppose -170 = -6*x + 298. Suppose x = 25*i - 22*i. Let k = 35 - i. Calculate the highest common factor of k and 63.
9
Let k(a) = a**3 - a**2 +